are the prime factors of 129007?
23, 71, 79
List the prime factors of 3041.
3041
What are the prime factors of 5768?
2, 7, 103
What are the prime factors of 3241?
7, 463
What are the prime factors of 31778?
2, 15889
What are the prime factors of 17017?
7, 11, 13, 17
What are the prime factors of 2017?
2017
What are the prime factors of 18345?
3, 5, 1223
List the prime factors of 130638.
2, 3, 21773
List the prime factors of 4160.
2, 5, 13
List the prime factors of 14731.
14731
List the prime factors of 18381.
3, 11, 557
List the prime factors of 511.
7, 73
List the prime factors of 7845.
3, 5, 523
List the prime factors of 6751.
43, 157
List the prime factors of 39734.
2, 19867
List the prime factors of 50132.
2, 83, 151
What are the prime factors of 146891?
146891
What are the prime factors of 6524?
2, 7, 233
List the prime factors of 53352.
2, 3, 13, 19
What are the prime factors of 18099?
3, 2011
List the prime factors of 51524.
2, 11, 1171
What are the prime factors of 3795?
3, 5, 11, 23
What are the prime factors of 34401?
3, 11467
What are the prime factors of 1495?
5, 13, 23
What are the prime factors of 3455?
5, 691
List the prime factors of 2002.
2, 7, 11, 13
What are the prime factors of 65729?
65729
List the prime factors of 9074.
2, 13, 349
What are the prime factors of 1313?
13, 101
What are the prime factors of 1057?
7, 151
What are the prime factors of 1005?
3, 5, 67
What are the prime factors of 1036?
2, 7, 37
List the prime factors of 57171.
3, 17, 19, 59
List the prime factors of 81105.
3, 5, 5407
What are the prime factors of 832?
2, 13
What are the prime factors of 17501?
11, 37, 43
List the prime factors of 700.
2, 5, 7
What are the prime factors of 3110?
2, 5, 311
List the prime factors of 13430.
2, 5, 17, 79
List the prime factors of 106218.
2, 3, 7, 281
List the prime factors of 1465.
5, 293
What are the prime factors of 18688?
2, 73
What are the prime factors of 213?
3, 71
List the prime factors of 3987.
3, 443
What are the prime factors of 3904?
2, 61
What are the prime factors of 5273?
5273
What are the prime factors of 22996?
2, 5749
What are the prime factors of 18101?
23, 787
List the prime factors of 3518.
2, 1759
List the prime factors of 771.
3, 257
List the prime factors of 5216.
2, 163
What are the prime factors of 12961?
13, 997
What are the prime factors of 2240?
2, 5, 7
List the prime factors of 6003.
3, 23, 29
List the prime factors of 2041.
13, 157
What are the prime factors of 1204?
2, 7, 43
What are the prime factors of 2485?
5, 7, 71
What are the prime factors of 3618?
2, 3, 67
List the prime factors of 64051.
13, 379
What are the prime factors of 38432?
2, 1201
What are the prime factors of 435?
3, 5, 29
What are the prime factors of 88705?
5, 113, 157
List the prime factors of 147.
3, 7
What are the prime factors of 1082?
2, 541
What are the prime factors of 6713?
7, 137
List the prime factors of 8195.
5, 11, 149
List the prime factors of 31868.
2, 31, 257
List the prime factors of 309.
3, 103
What are the prime factors of 9182?
2, 4591
List the prime factors of 28927.
28927
List the prime factors of 6792.
2, 3, 283
List the prime factors of 69.
3, 23
List the prime factors of 4124.
2, 1031
What are the prime factors of 585?
3, 5, 13
List the prime factors of 1655.
5, 331
List the prime factors of 75153.
3, 13, 41, 47
What are the prime factors of 4206?
2, 3, 701
List the prime factors of 6515.
5, 1303
What are the prime factors of 6694?
2, 3347
What are the prime factors of 21641?
17, 19, 67
What are the prime factors of 915?
3, 5, 61
List the prime factors of 3024.
2, 3, 7
What are the prime factors of 10148?
2, 43, 59
List the prime factors of 7249.
11, 659
What are the prime factors of 2096?
2, 131
List the prime factors of 803.
11, 73
List the prime factors of 133165.
5, 26633
What are the prime factors of 62554?
2, 31277
What are the prime factors of 31748?
2, 7937
List the prime factors of 4403.
7, 17, 37
List the prime factors of 70115.
5, 37, 379
List the prime factors of 4361.
7, 89
List the prime factors of 15320.
2, 5, 383
What are the prime factors of 2021?
43, 47
What are the prime factors of 6030?
2, 3, 5, 67
List the prime factors of 282.
2, 3, 47
What are the prime factors of 13760?
2, 5, 43
List the prime factors of 2658.
2, 3, 443
What are the prime factors of 8639?
53, 163
List the prime factors of 3840.
2, 3, 5
What are the prime factors of 127374?
2, 3, 13, 23, 71
What are the prime factors of 2611?
7, 373
What are the prime factors of 23751?
3, 7, 13, 29
What are the prime factors of 6825?
3, 5, 7, 13
What are the prime factors of 15039?
3, 557
What are the prime factors of 3208?
2, 401
What are the prime factors of 619?
619
What are the prime factors of 127226?
2, 11, 5783
List the prime factors of 1391.
13, 107
List the prime factors of 2765.
5, 7, 79
What are the prime factors of 4738?
2, 23, 103
What are the prime factors of 253?
11, 23
List the prime factors of 3404.
2, 23, 37
List the prime factors of 2048.
2
List the prime factors of 27732.
2, 3, 2311
List the prime factors of 1370.
2, 5, 137
List the prime factors of 44611.
7, 6373
List the prime factors of 2107.
7, 43
List the prime factors of 2751.
3, 7, 131
List the prime factors of 4368.
2, 3, 7, 13
List the prime factors of 34820.
2, 5, 1741
List the prime factors of 5339.
19, 281
List the prime factors of 12208.
2, 7, 109
What are the prime factors of 4949?
7, 101
What are the prime factors of 1402?
2, 701
List the prime factors of 1186.
2, 593
What are the prime factors of 112151?
13, 8627
What are the prime factors of 6658?
2, 3329
What are the prime factors of 8562?
2, 3, 1427
List the prime factors of 49741.
49741
What are the prime factors of 1349?
19, 71
What are the prime factors of 759?
3, 11, 23
List the prime factors of 101179.
13, 43, 181
What are the prime factors of 898?
2, 449
List the prime factors of 1797.
3, 599
What are the prime factors of 83360?
2, 5, 521
What are the prime factors of 11434?
2, 5717
List the prime factors of 17156.
2, 4289
What are the prime factors of 65?
5, 13
What are the prime factors of 211?
211
What are the prime factors of 16117?
71, 227
List the prime factors of 2571.
3, 857
What are the prime factors of 2451?
3, 19, 43
What are the prime factors of 64230?
2, 3, 5, 2141
List the prime factors of 102849.
3, 34283
List the prime factors of 8941.
8941
What are the prime factors of 80023?
43, 1861
What are the prime factors of 7950?
2, 3, 5, 53
List the prime factors of 15563.
79, 197
List the prime factors of 28598.
2, 79, 181
What are the prime factors of 68798?
2, 41, 839
List the prime factors of 23789.
23789
List the prime factors of 8780.
2, 5, 439
What are the prime factors of 3441?
3, 31, 37
What are the prime factors of 47678?
2, 31, 769
List the prime factors of 5348.
2, 7, 191
What are the prime factors of 3077?
17, 181
What are the prime factors of 1346?
2, 673
What are the prime factors of 14672?
2, 7, 131
What are the prime factors of 48391?
7, 31, 223
List the prime factors of 16774.
2, 8387
What are the prime factors of 594?
2, 3, 11
List the prime factors of 93560.
2, 5, 2339
List the prime factors of 190.
2, 5, 19
What are the prime factors of 1196?
2, 13, 23
What are the prime factors of 2402?
2, 1201
What are the prime factors of 7475?
5, 13, 23
List the prime factors of 3196.
2, 17, 47
What are the prime factors of 3207?
3, 1069
List the prime factors of 10320.
2, 3, 5, 43
What are the prime factors of 11603?
41, 283
List the prime factors of 13580.
2, 5, 7, 97
List the prime factors of 22625.
5, 181
What are the prime factors of 705?
3, 5, 47
What are the prime factors of 12898?
2, 6449
What are the prime factors of 8065?
5, 1613
What are the prime factors of 24813?
3, 919
List the prime factors of 7008.
2, 3, 73
What are the prime factors of 7452?
2, 3, 23
List the prime factors of 35178.
2, 3, 11, 13, 41
What are the prime factors of 37809?
3, 4201
List the prime factors of 80029.
191, 419
What are the prime factors of 5462?
2, 2731
List the prime factors of 1977.
3, 659
List the prime factors of 4107.
3, 37
List the prime factors of 24126.
2, 3, 4021
List the prime factors of 701.
701
List the prime factors of 3718.
2, 11, 13
What are the prim